 d(1).
-548
Let f(u) = 4*u**3 + 63*u**2 - 156*u - 3008. Determine f(-15).
7
Let n(a) = 23*a**2 + 1076*a - 1461. Give n(-49).
1038
Let m(r) = 20*r**3 + 171*r**2 + 222*r + 61. What is m(-7)?
26
Let w(j) = -j**2 - 471*j - 16171. What is w(-431)?
1069
Let v(l) = -5*l**2 + 562*l + 4054. Calculate v(-7).
-125
Let m(q) = -q**3 + 251*q**2 - 4857*q + 563. What is m(21)?
-4
Let v(a) = -464*a**3 + 5*a**2 + 862*a + 859. Calculate v(-1).
466
Let t(h) = 3*h**2 - 2317*h + 208520. Determine t(104).
0
Let t(m) = 4*m**2 + 7504*m + 59782. Calculate t(-8).
6
Let i(b) = -84*b**3 - 9*b**2 - 13*b. Calculate i(1).
-106
Let i(n) = -7*n**3 + 3*n**2 + 31*n - 110. Determine i(4).
-386
Let x(h) = -3*h**3 + 2*h**2 - 6*h + 65. Give x(-9).
2468
Let y(a) = -18*a**2 - 863*a - 9541. Determine y(-29).
348
Let k(n) = -n**2 + 261*n - 4722. What is k(251)?
-2212
Let k(q) = -q**2 - 385*q + 220415. What is k(315)?
-85
Let k(o) = -94*o + 1589. Calculate k(15).
179
Let f(r) = -3345*r - 76815. Determine f(-23).
120
Let c(w) = -871*w**3 - 42678*w**2 + 53*w - 2. What is c(-49)?
-198
Let y(f) = f**3 + 30*f**2 - 99*f - 26. Calculate y(-33).
-26
Let x(a) = 485*a - 24895. Calculate x(51).
-160
Let m(j) = -6*j**2 - 103*j + 713. Give m(-23).
-92
Let f(l) = l**3 - 2004*l**2 + 3944*l + 120116. Determine f(2002).
-4
Let h(a) = a**2 - 84*a - 1268. Calculate h(-21).
937
Let v(z) = -4*z**2 - 16*z - 30. What is v(-6)?
-78
Let j(o) = o**2 + 5707*o + 192871. Calculate j(-34).
-11
Let b(k) = 1774*k + 19408. Give b(-11).
-106
Let n(j) = 660*j - 11889. What is n(19)?
651
Let y(m) = 90796*m + 544788. Calculate y(-6).
12
Let o(q) = -2*q**3 + 10*q**2 - 693*q + 2742. Give o(4).
2
Let m(f) = 3*f**2 + 97*f - 20. Give m(-7).
-552
Let g(p) = p**3 - 126*p**2 + 3700*p - 1594. Calculate g(80).
6
Let t(l) = 739*l**2 - 356197*l - 486. Give t(482).
-4
Let u(m) = m**3 - 13*m**2 - 44*m + 291. Calculate u(4).
-29
Let f(i) = -i**3 + 79*i**2 - 80*i - 304. What is f(78)?
-460
Let p(n) = -19071*n + 38576. Determine p(2).
434
Let y(k) = -1406*k - 1417. What is y(-1)?
-11
Let v(c) = -c**3 + 233*c**2 - 958*c + 9593. Calculate v(229).
-25
Let a(d) = -103*d + 470. Give a(20).
-1590
Let n(r) = -10387*r + 5203885. Calculate n(501).
-2
Let f(j) = -4*j**2 + 515*j - 4907. Determine f(116).
1009
Let f(m) = -2675*m + 13713. Give f(5).
338
Let l(s) = s**3 - 95*s**2 - 35*s + 3377. What is l(95)?
52
Let o(r) = -r**3 + 3*r**2 + 21854*r - 109240. Calculate o(5).
-20
Let i(z) = 2*z**2 + 37*z - 199871. What is i(307)?
-14
Let g(l) = -2*l**2 + 1274*l - 2549. Calculate g(2).
-9
Let z(t) = t**2 - 1421*t + 141802. Give z(108).
-2
Let y(g) = -8218*g - 16228. Calculate y(-2).
208
Let j(a) = -8*a**2 - 65*a + 342. Determine j(11).
-1341
Let w(x) = -633*x + 191163. What is w(302)?
-3
Let g(n) = n**2 - 2246*n - 1611895. Give g(-572).
1
Let o(w) = -261*w - 5194. Calculate o(-19).
-235
Let r(t) = t**2 - 101*t + 2464. Calculate r(102).
2566
Let k(c) = 4*c**2 - 913*c - 13064. What is k(-14)?
502
Let g(p) = p**3 - 80*p**2 - 1233*p - 3586. Calculate g(-4).
2
Let y(d) = 35690*d - 1213458. Calculate y(34).
2
Let b(t) = -15844*t - 1235843. Calculate b(-78).
-11
Let y(d) = 190*d + 25844. Determine y(-135).
194
Let r(i) = -2*i**3 - 24*i**2 + 782*i + 6726. Calculate r(-8).
-42
Let t(f) = 210519*f + 3999866. Determine t(-19).
5
Let t(n) = 44488*n - 222452. What is t(5)?
-12
Let v(i) = 19*i - 1270. Give v(57).
-187
Let g(r) = -2*r**2 - 926*r + 117941. Determine g(104).
5
Let j(n) = n**3 - 940*n**2 - 100588*n + 96. Give j(-97).
-1
Let o(r) = -96*r**2 - 59586*r + 18660. Calculate o(-621).
30
Let k(r) = 2*r**3 - 85*r**2 + 239*r + 26. Calculate k(3).
32
Let c(s) = -2*s**3 - 180*s**2 + 7503*s + 196. Calculate c(31).
227
Let b(s) = -3*s**2 + 30*s + 1650. Give b(28).
138
Let c(g) = g**3 + 21*g**2 + 35*g - 292. Determine c(-8).
260
Let s(v) = -v**3 - 2*v**2 - 9072*v - 36305. Give s(-4).
15
Let y(q) = -15*q**2 - 734*q + 23. What is y(-49)?
-26
Let s(x) = 7*x**2 - 63*x - 5131. Give s(-23).
21
Let c(a) = -11*a**2 + 119*a + 1057. Determine c(31).
-5825
Let p(r) = 2*r**3 - 26*r**2 - 1901*r - 23. Give p(38).
-61
Let j(b) = 419*b**2 - 33*b + 1. What is j(-1)?
453
Let l(g) = -6854*g + 212405. Give l(31).
-69
Let s(a) = 2*a**3 - 417*a**2 - 229*a + 4270. Calculate s(209).
90
Let o(r) = 3092*r - 80518. Calculate o(25).
-3218
Let s(j) = 3*j**3 - 386*j**2 + 8372*j + 1115. Calculate s(101).
4
Let k(o) = -o**2 + 926*o + 24455. Determine k(-26).
-297
Let h(y) = y**3 - 317*y**2 - 51838*y - 20053. Give h(436).
3
Let p(q) = 5*q**3 - 9*q**2 + q + 19. What is p(4)?
199
Let u(a) = 2*a**3 + 3517*a**2 + 1430*a - 576620. Calculate u(-1758).
4
Let a(d) = -d**3 + 37*d**2 - 244*d - 39. Give a(28).
185
Let q(g) = -5226*g + 1092059. What is q(209)?
-175
Let i(x) = -32*x**2 + 2860*x - 5584. Calculate i(2).
8
Let p(x) = -x**3 + 92*x**2 - 524*x + 14900. What is p(88)?
-236
Let j(a) = -3*a**3 + 213*a**2 - 234*a + 1701. Give j(70).
21
Let j(t) = -2*t**3 - 245*t**2 - 7183*t - 4358. Give j(-75).
-8
Let o(q) = 3360*q - 151228. What is o(45)?
-28
Let c(d) = -3*d**3 + 11*d**2 + 439*d - 1731. What is c(4)?
9
Let n(i) = -1333*i - 37810. Give n(-28).
-486
Let t(o) = -2*o**3 + 5*o**2 - 27*o - 424. Give t(9).
-1720
Let c(i) = -2*i**3 - 82*i**2 - 815*i - 382. Determine c(-25).
-7
Let w(j) = 15541*j + 4087295. Calculate w(-263).
12
Let d(s) = -348*s**2 + 6876*s + 1678. Determine d(20).
-2
Let c(h) = 2*h**3 - 180*h**2 - 2*h - 279. Calculate c(90).
-459
Let z(w) = -1424*w + 102790. Calculate z(73).
-1162
Let h(t) = 25*t**2 + 16964*t - 24480. Calculate h(-680).
0
Let r(c) = -63*c**3 + 1430*c**2 + 438*c - 18. Give r(23).
5
Let j(v) = 6*v**3 + 35*v**2 + 17*v + 77. Give j(-8).
-891
Let j(g) = 4*g**3 + 112*g**2 + 272*g + 75. Give j(-26).
-1589
Let a(t) = 17*t**2 + 953*t + 13036. Calculate a(-23).
110
Let j(q) = 5*q**3 - 1076*q**2 + 4464*q - 6966. What is j(211)?
-3
Let r(b) = 378*b**2 - 27*b + 117. Determine r(0).
117
Let b(o) = 64*o**2 - o - 2. Determine b(-1).
63
Let k(h) = -4*h**2 + 472*h + 949. Calculate k(-2).
-11
Let h(t) = -t**2 + 112*t + 7859. Calculate h(-49).
-30
Let y(c) = -137*c + 2251. What is y(15)?
196
Let o(g) = g**3 - 230*g**2 + 1785*g - 2017. Give o(222).
-19
Let m(z) = 57*z**3 - 6840*z**2 - 341*z + 40908. Determine m(120).
-12
Let o(l) = l**2 + 3522*l - 314026. Determine o(87).
-43
Let y(x) = 5*x**3 + 1671*x**2 + 342*x + 2671. Calculate y(-334).
-1
Let r(f) = 3*f**3 - 1083*f**2 + 1081*f - 288. Calculate r(360).
72
Let n(l) = 4*l**3 + 318*l**2 + 5441*l - 229. Determine n(-25).
-4
Let h(n) = 2*n**2 + 5527*n - 138218. What is h(25)?
1207
Let t(f) = -18*f**2 + 1247*f - 493. Determine t(69).
-148
Let l(t) = 6*t**2 + 1457*t - 9258. Give l(-249).
-45
Let c(w) = w**3 - 404*w**2 + 11542*w + 7832. Determine c(373).
-1
Let z(g) = 2610*g + 23469. Give z(-9).
-21
Let z(f) = -f**2 - 347*f + 119340. What is z(213)?
60
Let j(i) = -3883*i + 73805. Determine j(19).
28
Let f(c) = 17711*c - 1912792. Calculate f(108).
-4
Let m(d) = -d**2 - 12955*d + 25923. What is m(2)?
9
Let i(p) = 2*p**3 + 19*p**2 - 21*p + 69. What is i(-10)?
179
Let g(w) = 20*w**3 - 107*w**2 + 269*w + 29. Calculate g(5).
1199
Let q(h) = -8099*h - 413072. What is q(-51)?
-23
Let s(z) = 2*z**3 - 122*z**2 - 3234*z - 532. Give s(81).
-46
Let q(y) = -1365*y**2 - 51*y - 4. Calculate q(0).
-4
Let h(p) = 10*p**2 - 1966*p - 39560. Determine h(215).
0
Let g(s) = 4*s**2 + 1881*s - 61663. What is g(-501)?
-40
Let f(a) = -6963*a + 48750. What is f(7)?
9
Let i(m) = -61922*m + 557408. Determine i(9).
110
Let x(s) = 3*s**2 - 339*s + 2497. What is x(107)?
571
Let t(i) = -3302*i**2 - 39632*i - 75. What is t(-12)?
21
Let h(p) = 790*p**2 - 5433*p - 683. Give h(7).
-4
Let c(m) = 3*m + 1173. Calculate c(-48).
1029
Let q(v) = -43*v**3 - 25942*v**2 - 7836*v + 1813. Calculate q(-603).
4
Let k(u) = -4*u**3 + 58*u**2 - 308*u + 604. Give k(5).
14
Let x(s) = 14*s**2 + 11292*s + 78379. What is x(-7)?
21
Let v(r) = -27*r**2 - 524*r + 2237. Calculate v(-23).
6
Let y(u) = -586*u**2 - 76768*u - 100. Determine y(-131).
162
Let v(q) = 659566*q - 3297831. Give v(5).
-1
Let g(o) = 35055*o - 245394. What is g(7)?
-9
Let v(r) = -533*r - 19937. Calculate v(-38).
317
Let q(k) = 12*k + 1910. Determine q(-136).
278
Let b(i) = 1812*i - 10845. Give b(6).
27
Let t(s) = -7*s**2 - 187*s - 1133. What is t(